8 and 8?
4
Calculate the greatest common factor of 160680 and 12984.
24
Calculate the highest common factor of 127888 and 191504.
16
What is the greatest common divisor of 64280925 and 540?
135
Calculate the highest common factor of 1670 and 1235815865.
835
Calculate the highest common divisor of 23 and 103799184.
23
Calculate the greatest common divisor of 3018 and 54146441.
503
What is the greatest common factor of 3676 and 2024?
4
What is the highest common factor of 204675 and 9082112?
2729
What is the greatest common factor of 21 and 4257753?
3
Calculate the highest common divisor of 3756571 and 2457.
91
Calculate the highest common factor of 228 and 28299768.
12
Calculate the greatest common divisor of 1131 and 13611.
39
What is the greatest common divisor of 9 and 218299734?
9
What is the greatest common factor of 659428296 and 12?
12
Calculate the highest common divisor of 110139814 and 267.
89
Calculate the greatest common divisor of 136 and 4124504.
8
What is the greatest common divisor of 242693178 and 78?
78
Calculate the greatest common divisor of 100711 and 199771.
1651
Calculate the highest common factor of 2440972 and 52.
4
What is the highest common factor of 23912035 and 35?
35
What is the greatest common factor of 260591783 and 57?
19
What is the greatest common factor of 446416418 and 1918?
1918
Calculate the greatest common factor of 49016 and 13123.
11
Calculate the highest common factor of 47627778 and 121.
121
Calculate the highest common divisor of 911838 and 4980.
498
What is the highest common divisor of 6960 and 26332?
116
Calculate the greatest common divisor of 819 and 39339.
9
What is the greatest common factor of 120171390 and 85?
5
What is the greatest common divisor of 25401328 and 928?
16
Calculate the highest common divisor of 255 and 7693979.
17
Calculate the greatest common divisor of 4308685 and 626410.
8465
What is the greatest common divisor of 1912862 and 26075?
1043
What is the highest common divisor of 78498 and 182658?
42
Calculate the greatest common factor of 127673 and 5312034.
2093
What is the highest common factor of 34984 and 8264?
8
Calculate the highest common factor of 834 and 151443141.
417
Calculate the greatest common divisor of 1815534 and 3402.
1134
Calculate the greatest common divisor of 6660 and 12529125.
1665
Calculate the highest common factor of 136 and 114521656.
136
Calculate the greatest common factor of 210 and 3496605.
105
What is the highest common factor of 25 and 42570?
5
Calculate the highest common divisor of 32483276 and 84.
28
Calculate the highest common factor of 294 and 2353433838.
294
What is the highest common factor of 960 and 102253440?
960
Calculate the highest common divisor of 14989 and 237601.
13
What is the highest common factor of 822 and 72736862?
274
What is the highest common factor of 2732267505 and 165?
165
Calculate the greatest common divisor of 286156 and 7124.
52
What is the greatest common factor of 179 and 262525159?
179
What is the highest common factor of 20345 and 770705?
65
Calculate the highest common factor of 466995 and 471885.
2445
What is the greatest common divisor of 29562517 and 41?
41
What is the greatest common factor of 24614 and 2173162?
62
What is the greatest common factor of 32038060 and 536?
268
What is the highest common factor of 118359 and 10269?
9
What is the highest common factor of 773956 and 120?
4
Calculate the highest common factor of 2130 and 860236.
142
What is the greatest common divisor of 120345600 and 163200?
9600
What is the highest common factor of 693 and 12314379?
231
What is the highest common factor of 3440 and 1211980?
20
What is the greatest common factor of 30 and 552126820?
10
Calculate the greatest common divisor of 87 and 93016224.
87
What is the highest common factor of 89717287 and 583?
583
What is the greatest common divisor of 3214113 and 5248?
41
Calculate the greatest common factor of 9789585 and 3120.
195
Calculate the highest common factor of 1541 and 31054669.
23
What is the greatest common divisor of 6531012 and 360?
36
What is the greatest common factor of 3128 and 74?
2
What is the greatest common divisor of 64450760 and 68904?
2552
What is the greatest common factor of 35340 and 991380?
1860
What is the greatest common divisor of 1098 and 12687756?
366
Calculate the highest common divisor of 34304 and 50792.
8
Calculate the greatest common divisor of 75 and 10314705.
15
What is the greatest common divisor of 1478802 and 86580?
78
What is the greatest common factor of 63 and 1329240633?
21
What is the greatest common divisor of 178 and 61534?
2
What is the highest common factor of 6097 and 8010252?
67
What is the highest common divisor of 581145 and 1887?
51
Calculate the highest common divisor of 21984 and 928320.
96
What is the highest common factor of 3131004 and 14916?
1356
Calculate the highest common factor of 3982463 and 6668.
1667
What is the greatest common factor of 1278 and 30903957?
639
Calculate the greatest common divisor of 2291633 and 1414253.
2089
Calculate the highest common factor of 12 and 99706116.
12
Calculate the greatest common factor of 21181783 and 917.
917
What is the highest common factor of 44750 and 7516210?
1790
What is the greatest common divisor of 930 and 2952657?
93
Calculate the greatest common factor of 40 and 6807870.
10
What is the highest common divisor of 3792 and 150528?
48
Calculate the greatest common divisor of 2363 and 22253344.
139
Calculate the highest common factor of 38423 and 471114882.
3493
Calculate the greatest common factor of 27029750 and 2500.
250
Calculate the highest common divisor of 14248 and 26383734.
3562
What is the highest common factor of 3 and 108484308?
3
What is the greatest common factor of 6730 and 231710?
10
Calculate the greatest common factor of 226286 and 2.
2
What is the greatest common factor of 966840600 and 72?
24
Calculate the greatest common divisor of 39417 and 33525097.
1877
What is the highest common divisor of 2236 and 347243?
13
Calculate the highest common factor of 15665075 and 3451.
493
Calculate the highest common divisor of 9065 and 7100485.
1295
What is the greatest common divisor of 1140 and 1418790?
30
What is the greatest common divisor of 15593 and 7761656?
31
Calculate the highest common divisor of 145079 and 157069.
1199
Calculate the highest common divisor of 5028744 and 10416.
168
What is the greatest common factor of 786 and 816763254?
786
What is the greatest common factor of 21 and 8705494?
7
What is the greatest common divisor of 2884779 and 4995?
333
What is the highest common factor of 183539 and 4558?
53
What is the highest common factor of 1674122 and 10?
2
Calculate the greatest common factor of 2720 and 8415.
85
Calculate the highest common divisor of 7968 and 2559.
3
Calculate the highest common divisor of 24 and 1806983388.
12
What is the greatest common divisor of 8498 and 44037850?
1214
What is the highest common divisor of 214 and 73432174?
214
Calculate the greatest common factor of 4679 and 75317863.
4679
Calculate the greatest common factor of 2328030 and 270.
90
What is the greatest common divisor of 456 and 414086?
38
Calculate the greatest common divisor of 63582475 and 33.
11
Calculate the highest common divisor of 116221527 and 2862.
1431
What is the greatest common divisor of 65753288 and 15328?
3832
What is the highest common divisor of 1463 and 574750?
209
Calculate the highest common divisor of 194972 and 11569984.
2468
What is the highest common divisor of 13891 and 757778?
479
What is the highest common divisor of 80616672 and 144?
144
What is the highest common divisor of 108348 and 3240?
12
Calculate the highest common factor of 1033 and 5749.
1
Calculate the highest common factor of 25520891 and 10593.
1177
What is the highest common factor of 11155 and 4855?
5
Calculate the highest common divisor of 4011352 and 448.
8
Calculate the greatest common divisor of 98204080 and 8320.
1040
What is the greatest common factor of 4060 and 6551420?
20
Calculate the highest common divisor of 3476 and 45548240.
316
Calculate the greatest common divisor of 1076530 and 46865.
455
What is the highest common factor of 77 and 43642335?
11
Calculate the highest common di